{"id":426,"date":"2022-11-30T18:34:10","date_gmt":"2022-11-30T18:34:10","guid":{"rendered":"https:\/\/hellsangelscroatia.com\/shop\/?post_type=product&#038;p=426"},"modified":"2024-04-03T10:57:12","modified_gmt":"2024-04-03T10:57:12","slug":"womens-white-thong-with-lace-zenske-bijele-tange-sa-cipkom","status":"publish","type":"product","link":"https:\/\/hellsangelscroatia.com\/shop\/product\/womens-white-thong-with-lace-zenske-bijele-tange-sa-cipkom\/","title":{"rendered":"Women&#8217;s white thong with lace &#8211; \u017denske bijele tange sa \u010dipkom"},"content":{"rendered":"<p>Women&#8217;s white thong with lace &#8211; \u017denske bijele tange sa \u010dipkom<br \/>\nSize: XL<\/p>\n","protected":false},"excerpt":{"rendered":"<p>Women&#8217;s white thong with lace &#8211; \u017denske bijele tange sa \u010dipkom Size: XL<\/p>\n","protected":false},"featured_media":770,"template":"","meta":[],"product_cat":[15,36],"product_tag":[40,42,43],"class_list":["post-426","product","type-product","status-publish","has-post-thumbnail","hentry","product_cat-fan-shop","product_cat-other-razno","product_tag-tange","product_tag-tongs","product_tag-zenske-tange","entry"],"_links":{"self":[{"href":"https:\/\/hellsangelscroatia.com\/shop\/wp-json\/wp\/v2\/product\/426","targetHints":{"allow":["GET"]}}],"collection":[{"href":"https:\/\/hellsangelscroatia.com\/shop\/wp-json\/wp\/v2\/product"}],"about":[{"href":"https:\/\/hellsangelscroatia.com\/shop\/wp-json\/wp\/v2\/types\/product"}],"wp:featuredmedia":[{"embeddable":true,"href":"https:\/\/hellsangelscroatia.com\/shop\/wp-json\/wp\/v2\/media\/770"}],"wp:attachment":[{"href":"https:\/\/hellsangelscroatia.com\/shop\/wp-json\/wp\/v2\/media?parent=426"}],"wp:term":[{"taxonomy":"product_cat","embeddable":true,"href":"https:\/\/hellsangelscroatia.com\/shop\/wp-json\/wp\/v2\/product_cat?post=426"},{"taxonomy":"product_tag","embeddable":true,"href":"https:\/\/hellsangelscroatia.com\/shop\/wp-json\/wp\/v2\/product_tag?post=426"}],"curies":[{"name":"wp","href":"https:\/\/api.w.org\/{rel}","templated":true}]}}